{"id":27,"date":"2014-12-11T13:27:16","date_gmt":"2014-12-11T11:27:16","guid":{"rendered":"http:\/\/www.masurenhaus-bartnik.de\/?page_id=27"},"modified":"2023-02-08T09:34:56","modified_gmt":"2023-02-08T07:34:56","slug":"lage","status":"publish","type":"page","link":"https:\/\/www.masurenhaus-bartnik.de\/?page_id=27","title":{"rendered":"Lage"},"content":{"rendered":"<p><strong>Gr\u00fcnau <\/strong>liegt ca 20 km s\u00fcdlich von Allenstein (Olsztyn) und ca. 7 km n\u00f6rdlich von Hohenstein (Olsztynek). Gr\u00fcnau liegt ca 2 km nord\u00f6stlich von Grieslienen (Gryzliny). In Grieslienen gibt es ein Restaurant mit deutsch sprechendem Besitzer und deutsch sprechender Bedienung, sowie eine alte Kirche und zwei kleine Gesch\u00e4fte. Gr\u00fcnau liegt unmittelbar an einem ca. 9 km<sup>2<\/sup> gro\u00dfen Natursee, dem Plautziger See (Pluszne Jezioro). Die Ufer sind feinsandig und flach ideal zum Baden, Angeln und Bootfahren.<\/p>\n<figure id=\"attachment_154\" aria-describedby=\"caption-attachment-154\" style=\"width: 300px\" class=\"wp-caption alignnone\"><a href=\"http:\/\/www.masurenhaus-bartnik.de\/wp-content\/uploads\/2015\/01\/foto_d4e.php_.jpg\"><img fetchpriority=\"high\" decoding=\"async\" class=\"size-medium wp-image-154\" src=\"http:\/\/www.masurenhaus-bartnik.de\/wp-content\/uploads\/2015\/01\/foto_d4e.php_-300x199.jpg\" alt=\"Gr\u00fcnau\/Zielonowo ist in der Bildmitte zu sehen.\" width=\"300\" height=\"199\" srcset=\"https:\/\/www.masurenhaus-bartnik.de\/wp-content\/uploads\/2015\/01\/foto_d4e.php_-300x199.jpg 300w, https:\/\/www.masurenhaus-bartnik.de\/wp-content\/uploads\/2015\/01\/foto_d4e.php_.jpg 600w\" sizes=\"(max-width: 300px) 100vw, 300px\" \/><\/a><figcaption id=\"caption-attachment-154\" class=\"wp-caption-text\">Gr\u00fcnau\/Zielonowo ist in der Bildmitte zu sehen.<\/figcaption><\/figure>\n<figure id=\"attachment_156\" aria-describedby=\"caption-attachment-156\" style=\"width: 300px\" class=\"wp-caption alignnone\"><a href=\"http:\/\/www.masurenhaus-bartnik.de\/wp-content\/uploads\/2015\/01\/foto_de.php_.jpg\"><img decoding=\"async\" class=\"size-medium wp-image-156\" src=\"http:\/\/www.masurenhaus-bartnik.de\/wp-content\/uploads\/2015\/01\/foto_de.php_-300x199.jpg\" alt=\"Blick auf Gr\u00fcnau\/Zielonowo, in der Bildmitte, oberes Drittel, ist unser Ferienhaus.\" width=\"300\" height=\"199\" srcset=\"https:\/\/www.masurenhaus-bartnik.de\/wp-content\/uploads\/2015\/01\/foto_de.php_-300x199.jpg 300w, https:\/\/www.masurenhaus-bartnik.de\/wp-content\/uploads\/2015\/01\/foto_de.php_.jpg 600w\" sizes=\"(max-width: 300px) 100vw, 300px\" \/><\/a><figcaption id=\"caption-attachment-156\" class=\"wp-caption-text\">Blick auf Gr\u00fcnau\/Zielonowo, in der Bildmitte, oberes Drittel, ist unser Ferienhaus.<\/figcaption><\/figure>\n<p><a href=\"http:\/\/www.masurenhaus-bartnik.de\/wp-content\/uploads\/2016\/01\/Scan0005.jpg\"><img decoding=\"async\" class=\"alignnone wp-image-305 size-medium\" src=\"http:\/\/www.masurenhaus-bartnik.de\/wp-content\/uploads\/2016\/01\/Scan0005-300x218.jpg\" alt=\"\" width=\"300\" height=\"218\" srcset=\"https:\/\/www.masurenhaus-bartnik.de\/wp-content\/uploads\/2016\/01\/Scan0005-300x218.jpg 300w, https:\/\/www.masurenhaus-bartnik.de\/wp-content\/uploads\/2016\/01\/Scan0005-768x558.jpg 768w, https:\/\/www.masurenhaus-bartnik.de\/wp-content\/uploads\/2016\/01\/Scan0005-1024x745.jpg 1024w\" sizes=\"(max-width: 300px) 100vw, 300px\" \/><\/a><\/p>\n<p>Die Markierung auf dem Lageplan passt nicht genau, Zielonowo\/Gr\u00fcnau ist ca. 4 km s\u00fcdlicher, gegen\u00fcber der langgestreckten Halbinsel.<\/p>\n","protected":false},"excerpt":{"rendered":"<p>Gr\u00fcnau liegt ca 20 km s\u00fcdlich von Allenstein (Olsztyn) und ca. 7 km n\u00f6rdlich von Hohenstein (Olsztynek). Gr\u00fcnau liegt ca 2 km nord\u00f6stlich von Grieslienen (Gryzliny). In Grieslienen gibt es ein Restaurant mit deutsch sprechendem Besitzer und deutsch sprechender Bedienung, sowie eine alte Kirche und zwei kleine Gesch\u00e4fte. Gr\u00fcnau liegt unmittelbar an einem ca. 9 [&hellip;]<\/p>\n","protected":false},"author":1,"featured_media":0,"parent":0,"menu_order":0,"comment_status":"closed","ping_status":"closed","template":"","meta":{"ocean_post_layout":"","ocean_both_sidebars_style":"","ocean_both_sidebars_content_width":0,"ocean_both_sidebars_sidebars_width":0,"ocean_sidebar":"0","ocean_second_sidebar":"0","ocean_disable_margins":"enable","ocean_add_body_class":"","ocean_shortcode_before_top_bar":"","ocean_shortcode_after_top_bar":"","ocean_shortcode_before_header":"","ocean_shortcode_after_header":"","ocean_has_shortcode":"","ocean_shortcode_after_title":"","ocean_shortcode_before_footer_widgets":"","ocean_shortcode_after_footer_widgets":"","ocean_shortcode_before_footer_bottom":"","ocean_shortcode_after_footer_bottom":"","ocean_display_top_bar":"default","ocean_display_header":"default","ocean_header_style":"","ocean_center_header_left_menu":"0","ocean_custom_header_template":"0","ocean_custom_logo":0,"ocean_custom_retina_logo":0,"ocean_custom_logo_max_width":0,"ocean_custom_logo_tablet_max_width":0,"ocean_custom_logo_mobile_max_width":0,"ocean_custom_logo_max_height":0,"ocean_custom_logo_tablet_max_height":0,"ocean_custom_logo_mobile_max_height":0,"ocean_header_custom_menu":"0","ocean_menu_typo_font_family":"0","ocean_menu_typo_font_subset":"","ocean_menu_typo_font_size":0,"ocean_menu_typo_font_size_tablet":0,"ocean_menu_typo_font_size_mobile":0,"ocean_menu_typo_font_size_unit":"px","ocean_menu_typo_font_weight":"","ocean_menu_typo_font_weight_tablet":"","ocean_menu_typo_font_weight_mobile":"","ocean_menu_typo_transform":"","ocean_menu_typo_transform_tablet":"","ocean_menu_typo_transform_mobile":"","ocean_menu_typo_line_height":0,"ocean_menu_typo_line_height_tablet":0,"ocean_menu_typo_line_height_mobile":0,"ocean_menu_typo_line_height_unit":"","ocean_menu_typo_spacing":0,"ocean_menu_typo_spacing_tablet":0,"ocean_menu_typo_spacing_mobile":0,"ocean_menu_typo_spacing_unit":"","ocean_menu_link_color":"","ocean_menu_link_color_hover":"","ocean_menu_link_color_active":"","ocean_menu_link_background":"","ocean_menu_link_hover_background":"","ocean_menu_link_active_background":"","ocean_menu_social_links_bg":"","ocean_menu_social_hover_links_bg":"","ocean_menu_social_links_color":"","ocean_menu_social_hover_links_color":"","ocean_disable_title":"default","ocean_disable_heading":"default","ocean_post_title":"","ocean_post_subheading":"","ocean_post_title_style":"","ocean_post_title_background_color":"","ocean_post_title_background":0,"ocean_post_title_bg_image_position":"","ocean_post_title_bg_image_attachment":"","ocean_post_title_bg_image_repeat":"","ocean_post_title_bg_image_size":"","ocean_post_title_height":0,"ocean_post_title_bg_overlay":0.5,"ocean_post_title_bg_overlay_color":"","ocean_disable_breadcrumbs":"default","ocean_breadcrumbs_color":"","ocean_breadcrumbs_separator_color":"","ocean_breadcrumbs_links_color":"","ocean_breadcrumbs_links_hover_color":"","ocean_display_footer_widgets":"default","ocean_display_footer_bottom":"default","ocean_custom_footer_template":"0","footnotes":""},"class_list":["post-27","page","type-page","status-publish","hentry","entry"],"_links":{"self":[{"href":"https:\/\/www.masurenhaus-bartnik.de\/index.php?rest_route=\/wp\/v2\/pages\/27","targetHints":{"allow":["GET"]}}],"collection":[{"href":"https:\/\/www.masurenhaus-bartnik.de\/index.php?rest_route=\/wp\/v2\/pages"}],"about":[{"href":"https:\/\/www.masurenhaus-bartnik.de\/index.php?rest_route=\/wp\/v2\/types\/page"}],"author":[{"embeddable":true,"href":"https:\/\/www.masurenhaus-bartnik.de\/index.php?rest_route=\/wp\/v2\/users\/1"}],"replies":[{"embeddable":true,"href":"https:\/\/www.masurenhaus-bartnik.de\/index.php?rest_route=%2Fwp%2Fv2%2Fcomments&post=27"}],"version-history":[{"count":21,"href":"https:\/\/www.masurenhaus-bartnik.de\/index.php?rest_route=\/wp\/v2\/pages\/27\/revisions"}],"predecessor-version":[{"id":509,"href":"https:\/\/www.masurenhaus-bartnik.de\/index.php?rest_route=\/wp\/v2\/pages\/27\/revisions\/509"}],"wp:attachment":[{"href":"https:\/\/www.masurenhaus-bartnik.de\/index.php?rest_route=%2Fwp%2Fv2%2Fmedia&parent=27"}],"curies":[{"name":"wp","href":"https:\/\/api.w.org\/{rel}","templated":true}]}}