{"id":21,"date":"2014-12-11T13:29:51","date_gmt":"2014-12-11T11:29:51","guid":{"rendered":"http:\/\/www.masurenhaus-bartnik.de\/?page_id=21"},"modified":"2023-02-08T09:49:03","modified_gmt":"2023-02-08T07:49:03","slug":"impressionen","status":"publish","type":"page","link":"https:\/\/www.masurenhaus-bartnik.de\/?page_id=21","title":{"rendered":"Impressionen"},"content":{"rendered":"<p>Bitte auf jedes Bild einen Doppelklick, um es zu vergr\u00f6\u00dfern!<\/p>\n<figure id=\"attachment_80\" aria-describedby=\"caption-attachment-80\" style=\"width: 300px\" class=\"wp-caption alignnone\"><a href=\"http:\/\/www.masurenhaus-bartnik.de\/wp-content\/uploads\/2014\/12\/DSCI0066.jpg\"><img fetchpriority=\"high\" decoding=\"async\" class=\"wp-image-80 size-medium\" src=\"http:\/\/www.masurenhaus-bartnik.de\/wp-content\/uploads\/2014\/12\/DSCI0066-300x224.jpg\" alt=\"DSCI0066\" width=\"300\" height=\"224\" srcset=\"https:\/\/www.masurenhaus-bartnik.de\/wp-content\/uploads\/2014\/12\/DSCI0066-300x224.jpg 300w, https:\/\/www.masurenhaus-bartnik.de\/wp-content\/uploads\/2014\/12\/DSCI0066.jpg 979w\" sizes=\"(max-width: 300px) 100vw, 300px\" \/><\/a><figcaption id=\"caption-attachment-80\" class=\"wp-caption-text\">Unsere Liegestelle<\/figcaption><\/figure>\n<figure id=\"attachment_170\" aria-describedby=\"caption-attachment-170\" style=\"width: 168px\" class=\"wp-caption alignnone\"><a href=\"http:\/\/www.masurenhaus-bartnik.de\/wp-content\/uploads\/2015\/01\/P1000182.jpg\"><img decoding=\"async\" class=\"size-medium wp-image-170\" src=\"http:\/\/www.masurenhaus-bartnik.de\/wp-content\/uploads\/2015\/01\/P1000182-168x300.jpg\" alt=\"Unsere Tochter bei der Weinlese auf der Terrasse im Erdgeschoss \" width=\"168\" height=\"300\"><\/a><figcaption id=\"caption-attachment-170\" class=\"wp-caption-text\">Unsere Tochter bei der Weinlese auf der Terrasse im Erdgeschoss<\/figcaption><\/figure>\n<figure id=\"attachment_219\" aria-describedby=\"caption-attachment-219\" style=\"width: 300px\" class=\"wp-caption alignnone\"><a href=\"http:\/\/www.masurenhaus-bartnik.de\/wp-content\/uploads\/2015\/01\/serie5gr\u00fcnau2006-178.jpg\"><img decoding=\"async\" class=\"size-medium wp-image-219\" src=\"http:\/\/www.masurenhaus-bartnik.de\/wp-content\/uploads\/2015\/01\/serie5gr\u00fcnau2006-178-300x225.jpg\" alt=\"Ger\u00e4ucherte Mar\u00e4nen, eine absolute Delikatesse, in den Fischgesch\u00e4ften in Olsztynek erh\u00e4ltlich.\" width=\"300\" height=\"225\" srcset=\"https:\/\/www.masurenhaus-bartnik.de\/wp-content\/uploads\/2015\/01\/serie5gr\u00fcnau2006-178-300x225.jpg 300w, https:\/\/www.masurenhaus-bartnik.de\/wp-content\/uploads\/2015\/01\/serie5gr\u00fcnau2006-178.jpg 700w\" sizes=\"(max-width: 300px) 100vw, 300px\" \/><\/a><figcaption id=\"caption-attachment-219\" class=\"wp-caption-text\">Ger\u00e4ucherte Mar\u00e4nen, eine absolute Delikatesse,<br \/>in den Fischgesch\u00e4ften in Olsztynek erh\u00e4ltlich.<\/figcaption><\/figure>\n<figure id=\"attachment_221\" aria-describedby=\"caption-attachment-221\" style=\"width: 300px\" class=\"wp-caption alignnone\"><a href=\"http:\/\/www.masurenhaus-bartnik.de\/wp-content\/uploads\/2015\/01\/Winter-2006-Gr\u00fcnau-ohne-Verwandte-283.jpg\"><img loading=\"lazy\" decoding=\"async\" class=\"size-medium wp-image-221\" src=\"http:\/\/www.masurenhaus-bartnik.de\/wp-content\/uploads\/2015\/01\/Winter-2006-Gr\u00fcnau-ohne-Verwandte-283-300x225.jpg\" alt=\"Es gibt Edelkrebse im See\" width=\"300\" height=\"225\" srcset=\"https:\/\/www.masurenhaus-bartnik.de\/wp-content\/uploads\/2015\/01\/Winter-2006-Gr\u00fcnau-ohne-Verwandte-283-300x225.jpg 300w, https:\/\/www.masurenhaus-bartnik.de\/wp-content\/uploads\/2015\/01\/Winter-2006-Gr\u00fcnau-ohne-Verwandte-283.jpg 700w\" sizes=\"(max-width: 300px) 100vw, 300px\" \/><\/a><figcaption id=\"caption-attachment-221\" class=\"wp-caption-text\">Es gibt Edelkrebse im See<\/figcaption><\/figure>\n<figure id=\"attachment_183\" aria-describedby=\"caption-attachment-183\" style=\"width: 300px\" class=\"wp-caption alignnone\"><a href=\"http:\/\/www.masurenhaus-bartnik.de\/wp-content\/uploads\/2015\/01\/P1100530.jpg\"><img loading=\"lazy\" decoding=\"async\" class=\"size-medium wp-image-183\" src=\"http:\/\/www.masurenhaus-bartnik.de\/wp-content\/uploads\/2015\/01\/P1100530-300x225.jpg\" alt=\"Bei Erika und Gerhard in der N\u00e4he, gibt es noch urspr\u00fcngliche Landwirtschaft.\" width=\"300\" height=\"225\"><\/a><figcaption id=\"caption-attachment-183\" class=\"wp-caption-text\">Bei Erika und Gerhard in der N\u00e4he, gibt es noch urspr\u00fcngliche Landwirtschaft.<\/figcaption><\/figure>\n<figure id=\"attachment_173\" aria-describedby=\"caption-attachment-173\" style=\"width: 300px\" class=\"wp-caption alignnone\"><a href=\"http:\/\/www.masurenhaus-bartnik.de\/wp-content\/uploads\/2015\/01\/P1000304.jpg\"><img loading=\"lazy\" decoding=\"async\" class=\"size-medium wp-image-173\" src=\"http:\/\/www.masurenhaus-bartnik.de\/wp-content\/uploads\/2015\/01\/P1000304-300x168.jpg\" alt=\"Ein Angelsteg am gegen\u00fcberliegenden Ufer der Halbinsel im Plautziger See\" width=\"300\" height=\"168\" srcset=\"https:\/\/www.masurenhaus-bartnik.de\/wp-content\/uploads\/2015\/01\/P1000304-300x168.jpg 300w, https:\/\/www.masurenhaus-bartnik.de\/wp-content\/uploads\/2015\/01\/P1000304-1024x576.jpg 1024w, https:\/\/www.masurenhaus-bartnik.de\/wp-content\/uploads\/2015\/01\/P1000304.jpg 1080w\" sizes=\"(max-width: 300px) 100vw, 300px\" \/><\/a><figcaption id=\"caption-attachment-173\" class=\"wp-caption-text\">Ein Angelsteg am gegen\u00fcberliegenden Ufer der Halbinsel im Plautziger See<\/figcaption><\/figure>\n<figure id=\"attachment_82\" aria-describedby=\"caption-attachment-82\" style=\"width: 300px\" class=\"wp-caption alignnone\"><a href=\"http:\/\/www.masurenhaus-bartnik.de\/wp-content\/uploads\/2014\/12\/DSCI0075.jpg\"><img loading=\"lazy\" decoding=\"async\" class=\"size-medium wp-image-82\" src=\"http:\/\/www.masurenhaus-bartnik.de\/wp-content\/uploads\/2014\/12\/DSCI0075-300x224.jpg\" alt=\"Plautziger See\/ Pluzsne Jezioro\" width=\"300\" height=\"224\" srcset=\"https:\/\/www.masurenhaus-bartnik.de\/wp-content\/uploads\/2014\/12\/DSCI0075-300x224.jpg 300w, https:\/\/www.masurenhaus-bartnik.de\/wp-content\/uploads\/2014\/12\/DSCI0075.jpg 979w\" sizes=\"(max-width: 300px) 100vw, 300px\" \/><\/a><figcaption id=\"caption-attachment-82\" class=\"wp-caption-text\">Plautziger See\/ Pluzsne Jezioro<\/figcaption><\/figure>\n<figure id=\"attachment_205\" aria-describedby=\"caption-attachment-205\" style=\"width: 300px\" class=\"wp-caption alignnone\"><a href=\"http:\/\/www.masurenhaus-bartnik.de\/wp-content\/uploads\/2015\/01\/Passbilder-147.jpg\"><img loading=\"lazy\" decoding=\"async\" class=\"size-medium wp-image-205\" src=\"http:\/\/www.masurenhaus-bartnik.de\/wp-content\/uploads\/2015\/01\/Passbilder-147-300x225.jpg\" alt=\"ein neues Masurenhaus in Gr\u00fcnau\/Zielonowo\" width=\"300\" height=\"225\" srcset=\"https:\/\/www.masurenhaus-bartnik.de\/wp-content\/uploads\/2015\/01\/Passbilder-147-300x225.jpg 300w, https:\/\/www.masurenhaus-bartnik.de\/wp-content\/uploads\/2015\/01\/Passbilder-147.jpg 912w\" sizes=\"(max-width: 300px) 100vw, 300px\" \/><\/a><figcaption id=\"caption-attachment-205\" class=\"wp-caption-text\">ein neues Masurenhaus in Gr\u00fcnau\/Zielonowo<\/figcaption><\/figure>\n<figure id=\"attachment_168\" aria-describedby=\"caption-attachment-168\" style=\"width: 300px\" class=\"wp-caption alignnone\"><a href=\"http:\/\/www.masurenhaus-bartnik.de\/wp-content\/uploads\/2015\/01\/IMGP1665.jpg\"><img loading=\"lazy\" decoding=\"async\" class=\"size-medium wp-image-168\" src=\"http:\/\/www.masurenhaus-bartnik.de\/wp-content\/uploads\/2015\/01\/IMGP1665-300x199.jpg\" alt=\"Altes Bauernhaus in Skansen\" width=\"300\" height=\"199\" srcset=\"https:\/\/www.masurenhaus-bartnik.de\/wp-content\/uploads\/2015\/01\/IMGP1665-300x199.jpg 300w, https:\/\/www.masurenhaus-bartnik.de\/wp-content\/uploads\/2015\/01\/IMGP1665.jpg 752w\" sizes=\"(max-width: 300px) 100vw, 300px\" \/><\/a><figcaption id=\"caption-attachment-168\" class=\"wp-caption-text\">Altes Bauernhaus in Skansen<\/figcaption><\/figure>\n<figure id=\"attachment_165\" aria-describedby=\"caption-attachment-165\" style=\"width: 300px\" class=\"wp-caption alignnone\"><a href=\"http:\/\/www.masurenhaus-bartnik.de\/wp-content\/uploads\/2015\/01\/Gr\u00fcnau-September-07-506.jpg\"><img loading=\"lazy\" decoding=\"async\" class=\"size-medium wp-image-165\" src=\"http:\/\/www.masurenhaus-bartnik.de\/wp-content\/uploads\/2015\/01\/Gr\u00fcnau-September-07-506-300x225.jpg\" alt=\"Reichlich Pfifferlinge im naheliegenden Wald gefunden. Man muss wissen wo sie wachsen.\" width=\"300\" height=\"225\" srcset=\"https:\/\/www.masurenhaus-bartnik.de\/wp-content\/uploads\/2015\/01\/Gr\u00fcnau-September-07-506-300x225.jpg 300w, https:\/\/www.masurenhaus-bartnik.de\/wp-content\/uploads\/2015\/01\/Gr\u00fcnau-September-07-506.jpg 648w\" sizes=\"(max-width: 300px) 100vw, 300px\" \/><\/a><figcaption id=\"caption-attachment-165\" class=\"wp-caption-text\">Reichlich Pfifferlinge im naheliegenden Wald gefunden. Man muss wissen wo sie wachsen.<\/figcaption><\/figure>\n<figure id=\"attachment_214\" aria-describedby=\"caption-attachment-214\" style=\"width: 300px\" class=\"wp-caption alignnone\"><a href=\"http:\/\/www.masurenhaus-bartnik.de\/wp-content\/uploads\/2015\/01\/serie2gr\u00fcnau2006-107.jpg\"><img loading=\"lazy\" decoding=\"async\" class=\"size-medium wp-image-214\" src=\"http:\/\/www.masurenhaus-bartnik.de\/wp-content\/uploads\/2015\/01\/serie2gr\u00fcnau2006-107-300x225.jpg\" alt=\"Steinpilzzwillinge\" width=\"300\" height=\"225\" srcset=\"https:\/\/www.masurenhaus-bartnik.de\/wp-content\/uploads\/2015\/01\/serie2gr\u00fcnau2006-107-300x225.jpg 300w, https:\/\/www.masurenhaus-bartnik.de\/wp-content\/uploads\/2015\/01\/serie2gr\u00fcnau2006-107.jpg 700w\" sizes=\"(max-width: 300px) 100vw, 300px\" \/><\/a><figcaption id=\"caption-attachment-214\" class=\"wp-caption-text\">Steinpilzzwillinge<\/figcaption><\/figure>\n<figure id=\"attachment_159\" aria-describedby=\"caption-attachment-159\" style=\"width: 300px\" class=\"wp-caption alignnone\"><a href=\"http:\/\/www.masurenhaus-bartnik.de\/wp-content\/uploads\/2015\/01\/Gr\u00fcnau-September-07-306.jpg\"><img loading=\"lazy\" decoding=\"async\" class=\"size-medium wp-image-159\" src=\"http:\/\/www.masurenhaus-bartnik.de\/wp-content\/uploads\/2015\/01\/Gr\u00fcnau-September-07-306-300x199.jpg\" alt=\"Nachwuchs am Plautziger See\" width=\"300\" height=\"199\" srcset=\"https:\/\/www.masurenhaus-bartnik.de\/wp-content\/uploads\/2015\/01\/Gr\u00fcnau-September-07-306-300x199.jpg 300w, https:\/\/www.masurenhaus-bartnik.de\/wp-content\/uploads\/2015\/01\/Gr\u00fcnau-September-07-306.jpg 752w\" sizes=\"(max-width: 300px) 100vw, 300px\" \/><\/a><figcaption id=\"caption-attachment-159\" class=\"wp-caption-text\">Nachwuchs am Plautziger See<\/figcaption><\/figure>\n<figure id=\"attachment_195\" aria-describedby=\"caption-attachment-195\" style=\"width: 300px\" class=\"wp-caption alignnone\"><a href=\"http:\/\/www.masurenhaus-bartnik.de\/wp-content\/uploads\/2015\/01\/P1140355.jpg\"><img loading=\"lazy\" decoding=\"async\" class=\"size-medium wp-image-195\" src=\"http:\/\/www.masurenhaus-bartnik.de\/wp-content\/uploads\/2015\/01\/P1140355-300x225.jpg\" alt=\"Unser kleiner Hafen in Gr\u00fcnau\/Zielonowo\" width=\"300\" height=\"225\" srcset=\"https:\/\/www.masurenhaus-bartnik.de\/wp-content\/uploads\/2015\/01\/P1140355-300x225.jpg 300w, https:\/\/www.masurenhaus-bartnik.de\/wp-content\/uploads\/2015\/01\/P1140355-1024x768.jpg 1024w, https:\/\/www.masurenhaus-bartnik.de\/wp-content\/uploads\/2015\/01\/P1140355.jpg 1080w\" sizes=\"(max-width: 300px) 100vw, 300px\" \/><\/a><figcaption id=\"caption-attachment-195\" class=\"wp-caption-text\">Unser kleiner Hafen in Gr\u00fcnau\/Zielonowo<\/figcaption><\/figure>\n","protected":false},"excerpt":{"rendered":"<p>Bitte auf jedes Bild einen Doppelklick, um es zu vergr\u00f6\u00dfern!<\/p>\n","protected":false},"author":1,"featured_media":0,"parent":0,"menu_order":0,"comment_status":"closed","ping_status":"open","template":"","meta":{"ocean_post_layout":"","ocean_both_sidebars_style":"","ocean_both_sidebars_content_width":0,"ocean_both_sidebars_sidebars_width":0,"ocean_sidebar":"0","ocean_second_sidebar":"0","ocean_disable_margins":"enable","ocean_add_body_class":"","ocean_shortcode_before_top_bar":"","ocean_shortcode_after_top_bar":"","ocean_shortcode_before_header":"","ocean_shortcode_after_header":"","ocean_has_shortcode":"","ocean_shortcode_after_title":"","ocean_shortcode_before_footer_widgets":"","ocean_shortcode_after_footer_widgets":"","ocean_shortcode_before_footer_bottom":"","ocean_shortcode_after_footer_bottom":"","ocean_display_top_bar":"default","ocean_display_header":"default","ocean_header_style":"","ocean_center_header_left_menu":"0","ocean_custom_header_template":"0","ocean_custom_logo":0,"ocean_custom_retina_logo":0,"ocean_custom_logo_max_width":0,"ocean_custom_logo_tablet_max_width":0,"ocean_custom_logo_mobile_max_width":0,"ocean_custom_logo_max_height":0,"ocean_custom_logo_tablet_max_height":0,"ocean_custom_logo_mobile_max_height":0,"ocean_header_custom_menu":"0","ocean_menu_typo_font_family":"0","ocean_menu_typo_font_subset":"","ocean_menu_typo_font_size":0,"ocean_menu_typo_font_size_tablet":0,"ocean_menu_typo_font_size_mobile":0,"ocean_menu_typo_font_size_unit":"px","ocean_menu_typo_font_weight":"","ocean_menu_typo_font_weight_tablet":"","ocean_menu_typo_font_weight_mobile":"","ocean_menu_typo_transform":"","ocean_menu_typo_transform_tablet":"","ocean_menu_typo_transform_mobile":"","ocean_menu_typo_line_height":0,"ocean_menu_typo_line_height_tablet":0,"ocean_menu_typo_line_height_mobile":0,"ocean_menu_typo_line_height_unit":"","ocean_menu_typo_spacing":0,"ocean_menu_typo_spacing_tablet":0,"ocean_menu_typo_spacing_mobile":0,"ocean_menu_typo_spacing_unit":"","ocean_menu_link_color":"","ocean_menu_link_color_hover":"","ocean_menu_link_color_active":"","ocean_menu_link_background":"","ocean_menu_link_hover_background":"","ocean_menu_link_active_background":"","ocean_menu_social_links_bg":"","ocean_menu_social_hover_links_bg":"","ocean_menu_social_links_color":"","ocean_menu_social_hover_links_color":"","ocean_disable_title":"default","ocean_disable_heading":"default","ocean_post_title":"","ocean_post_subheading":"","ocean_post_title_style":"","ocean_post_title_background_color":"","ocean_post_title_background":0,"ocean_post_title_bg_image_position":"","ocean_post_title_bg_image_attachment":"","ocean_post_title_bg_image_repeat":"","ocean_post_title_bg_image_size":"","ocean_post_title_height":0,"ocean_post_title_bg_overlay":0.5,"ocean_post_title_bg_overlay_color":"","ocean_disable_breadcrumbs":"default","ocean_breadcrumbs_color":"","ocean_breadcrumbs_separator_color":"","ocean_breadcrumbs_links_color":"","ocean_breadcrumbs_links_hover_color":"","ocean_display_footer_widgets":"default","ocean_display_footer_bottom":"default","ocean_custom_footer_template":"0","footnotes":""},"class_list":["post-21","page","type-page","status-publish","hentry","entry"],"_links":{"self":[{"href":"https:\/\/www.masurenhaus-bartnik.de\/index.php?rest_route=\/wp\/v2\/pages\/21","targetHints":{"allow":["GET"]}}],"collection":[{"href":"https:\/\/www.masurenhaus-bartnik.de\/index.php?rest_route=\/wp\/v2\/pages"}],"about":[{"href":"https:\/\/www.masurenhaus-bartnik.de\/index.php?rest_route=\/wp\/v2\/types\/page"}],"author":[{"embeddable":true,"href":"https:\/\/www.masurenhaus-bartnik.de\/index.php?rest_route=\/wp\/v2\/users\/1"}],"replies":[{"embeddable":true,"href":"https:\/\/www.masurenhaus-bartnik.de\/index.php?rest_route=%2Fwp%2Fv2%2Fcomments&post=21"}],"version-history":[{"count":15,"href":"https:\/\/www.masurenhaus-bartnik.de\/index.php?rest_route=\/wp\/v2\/pages\/21\/revisions"}],"predecessor-version":[{"id":514,"href":"https:\/\/www.masurenhaus-bartnik.de\/index.php?rest_route=\/wp\/v2\/pages\/21\/revisions\/514"}],"wp:attachment":[{"href":"https:\/\/www.masurenhaus-bartnik.de\/index.php?rest_route=%2Fwp%2Fv2%2Fmedia&parent=21"}],"curies":[{"name":"wp","href":"https:\/\/api.w.org\/{rel}","templated":true}]}}